{"id":15,"date":"2025-10-10T14:44:27","date_gmt":"2025-10-10T12:44:27","guid":{"rendered":"https:\/\/luxcentrum.pl\/?page_id=15"},"modified":"2025-11-06T17:47:27","modified_gmt":"2025-11-06T16:47:27","slug":"konsultacje","status":"publish","type":"page","link":"https:\/\/luxcentrum.pl\/index.php\/konsultacje\/","title":{"rendered":"Konsultacje"},"content":{"rendered":"\n<p>Zapraszam Ci\u0119 na do rezerwacji wygodnego terminu na 45-minutowe bezp\u0142atne konsultacje.&nbsp;<\/p>\n\n\n\n<p>To przestrze\u0144, w kt\u00f3rej mo\u017cesz mi opowiedzie\u0107 o swoich indywidualnych potrzebach i dopyta\u0107 o mo\u017cliwo\u015bci wsp\u00f3\u0142pracy.&nbsp;<\/p>\n\n\n\n<p>Razem sprawdzimy, czy to, co oferuj\u0119, b\u0119dzie dla Ciebie warto\u015bciowym wsparciem.<\/p>\n\n\n\n<p>B\u0119dzie mi mi\u0142o Ci\u0119 pozna\u0107 i porozmawia\u0107<\/p>\n\n\n<iframe src=\"https:\/\/luxcentrum.pl\/wp-json\/ssa\/v1\/embed-inner?integration&type=konsultacja&label&types=1&edit&view&payment_provider&ssa_locale=pl_PL&ssa_is_rtl&sid=0b8340ad4e2e382c77da0473d51adb368f880a98&availability_start_date&availability_end_date&suggest_first_available&suggest_first_available_within_minutes&flow&fallback_flow&time_view&date_view&appointment_types_view&version&accent_color&background&padding&font&booking_url=https%3A%2F%2Fluxcentrum.pl%2Findex.php%2Fkonsultacje%2F&booking_post_id=15&booking_title=Konsultacje&_wpnonce=63425b2dbb&redirect_post_id&mepr_membership_id#\/\" height=\"400px\" width=\"100%\" name=\"ssa_booking\" loading=\"eager\" frameborder=\"0\" data-skip-lazy=\"1\" class=\"ssa_booking_iframe skip-lazy\" title=\"Zarezerwuj czas\"><\/iframe>\n\n\n\n<p><\/p>\n","protected":false},"excerpt":{"rendered":"<p>Zapraszam Ci\u0119 na do rezerwacji wygodnego terminu na 45-minutowe bezp\u0142atne konsultacje.&nbsp; To przestrze\u0144, w kt\u00f3rej mo\u017cesz mi opowiedzie\u0107 o swoich indywidualnych potrzebach i dopyta\u0107 o mo\u017cliwo\u015bci wsp\u00f3\u0142pracy.&nbsp; Razem sprawdzimy, czy to, co oferuj\u0119, b\u0119dzie dla Ciebie warto\u015bciowym wsparciem. B\u0119dzie mi mi\u0142o Ci\u0119 pozna\u0107 i porozmawia\u0107<\/p>\n","protected":false},"author":2,"featured_media":0,"parent":0,"menu_order":0,"comment_status":"closed","ping_status":"closed","template":"","meta":{"footnotes":""},"class_list":["post-15","page","type-page","status-publish","hentry"],"_links":{"self":[{"href":"https:\/\/luxcentrum.pl\/index.php\/wp-json\/wp\/v2\/pages\/15","targetHints":{"allow":["GET"]}}],"collection":[{"href":"https:\/\/luxcentrum.pl\/index.php\/wp-json\/wp\/v2\/pages"}],"about":[{"href":"https:\/\/luxcentrum.pl\/index.php\/wp-json\/wp\/v2\/types\/page"}],"author":[{"embeddable":true,"href":"https:\/\/luxcentrum.pl\/index.php\/wp-json\/wp\/v2\/users\/2"}],"replies":[{"embeddable":true,"href":"https:\/\/luxcentrum.pl\/index.php\/wp-json\/wp\/v2\/comments?post=15"}],"version-history":[{"count":6,"href":"https:\/\/luxcentrum.pl\/index.php\/wp-json\/wp\/v2\/pages\/15\/revisions"}],"predecessor-version":[{"id":33,"href":"https:\/\/luxcentrum.pl\/index.php\/wp-json\/wp\/v2\/pages\/15\/revisions\/33"}],"wp:attachment":[{"href":"https:\/\/luxcentrum.pl\/index.php\/wp-json\/wp\/v2\/media?parent=15"}],"curies":[{"name":"wp","href":"https:\/\/api.w.org\/{rel}","templated":true}]}}